alculate the greatest common factor of c and 5.
5
Let i be 2*-2*(-3)/4. Let v(l) = 1 - 2*l**3 - 2*l - l**i - 2*l**2 + 4*l - 3*l**2. Let g be v(-4). Calculate the greatest common factor of 21 and g.
21
Let u(x) = 3*x**2 - 3*x. Let r be u(2). Suppose 95 = -f + r*f. Calculate the greatest common factor of f and 152.
19
Suppose 0 = -6*d - 6*d + 720. Suppose -n = -5*m + 317, -5*m - n + 61 = -4*m. Suppose -m + 3 = -5*v. Calculate the greatest common factor of d and v.
12
Let k = 6 - -21. Let d(s) = s**3 + s**2 - 3*s - 5. Let f be d(3). Let o = -19 + f. What is the highest common divisor of k and o?
3
Let h be 1981/4 - 23/92. Calculate the highest common factor of 22 and h.
11
Suppose -15*b + 21*b = 192. What is the highest common divisor of 2 and b?
2
Let v be (4 - 0) + 0/(-1) + 1. Suppose 0 = -g - 2*a + 4*a + 33, 4*g - 3*a = 132. Let m be 9/11 + 6/g. What is the greatest common divisor of m and v?
1
Suppose -c + 26 = -4*z, 0 = 25*c - 29*c - z + 19. What is the highest common divisor of c and 21?
3
Let w = 1858 + -1812. What is the greatest common divisor of 1242 and w?
46
Suppose 2*s - 2*w - 1436 = -3*s, -4*s - 4*w = -1132. Calculate the greatest common divisor of 26 and s.
26
Suppose 0 = 3*j - 0*a + 2*a - 20, -5*j + 2*a + 28 = 0. What is the highest common divisor of 114 and j?
6
Suppose 4*c - 2*c = 0. Suppose n - 3 = -c. Let h be 1/(0/2 - -1). What is the highest common factor of n and h?
1
Suppose 223 = 4*i - a, -3*i + 0 + 153 = 4*a. What is the highest common factor of i and 110?
55
Let h be (-160)/28 + 4/(-14). Let f be (h/(-5))/((-18)/(-45)). Suppose 0 = -f*v + 2*v + 11. What is the highest common divisor of v and 77?
11
Let s = -132 + 134. Suppose -3*l - 2*l = 5. Let t be l + 2 + (-1 - -4). Calculate the highest common factor of t and s.
2
Let n be (-4)/(-3)*30/20. Suppose -r + 3*c - 23 = 0, -5*c + 12 = n. Let h = r - -34. Calculate the greatest common divisor of h and 119.
17
Let y be (1 - 15/(-10))*(-18)/(-15). Let u be (-3 + 3)/(-4) + 6. Calculate the greatest common factor of y and u.
3
Suppose 21*b + 1625 = 8429. What is the highest common factor of 24 and b?
12
Suppose 13*j - 805 - 105 = 0. What is the greatest common factor of 14 and j?
14
Let r = 571 - -54. Calculate the greatest common factor of 25 and r.
25
Let y be 20 + 4 + 0 + -3. Let q be 39/(-4)*((-98)/y - -2). What is the highest common divisor of q and 130?
26
Let p(k) = -k**3 + 21*k**2 + 26*k - 39. Let f be p(22). What is the greatest common divisor of f and 336?
7
Let m be 10611/(3 - 2) + (-8)/(-8). Let h be (-4)/(-10) + m/70. Calculate the highest common factor of 8 and h.
8
Let a be (1 + -1)/(4 - 5). Suppose a = x + 2*x. Suppose -2*b + 6*b - 48 = x. Calculate the highest common factor of 84 and b.
12
Let g = -593 - -1169. Calculate the greatest common divisor of 36 and g.
36
Let a be 596/8 - 2/(-4). Let g = 123 - a. What is the greatest common divisor of g and 72?
24
Let t be 2*(165/30 - 4). Suppose 0 = 5*p - 31 - 4. Suppose 2*i + 2*a - p = -1, -9 = -3*i - a. What is the greatest common factor of i and t?
3
Let o be (-1)/(-4) - 7497/(-12). What is the greatest common divisor of o and 5?
5
Suppose 5*w - m - m = 45, -4*m = 2*w + 6. Suppose l = -3 - w. Let v be (990/25)/((-3)/l). What is the highest common divisor of v and 12?
12
Let n be ((-2)/(-3))/(1/6). Suppose n*f = 5*x + 11, -3*f - 2*f + 18 = -2*x. Let k = x + 2. What is the greatest common factor of k and 2?
1
Let d(l) = l + 14. Let b be d(-12). Suppose -2*x + 5 = 2*t + 3, 0 = 3*t + 2*x - 3. Let r be t*4 + (11 - 7). Calculate the greatest common factor of r and b.
2
Let z = 250 - 240. Calculate the greatest common divisor of z and 290.
10
Suppose -2*q - 2*c + 10 = 0, 3*q - c - 7 = q. What is the highest common factor of 28 and q?
4
Suppose 6*q + 1119 = 5*u + 5*q, 0 = 3*u - 5*q - 667. What is the greatest common factor of u and 728?
56
Let i be (-3 + 33 - 4)*1. Let u = 128 + i. What is the highest common divisor of 22 and u?
22
Let k be (-66)/88 + 1043/4. Calculate the highest common factor of k and 195.
65
Let a(w) = 423*w**2 - 2*w - 1. Let y be a(1). Calculate the highest common factor of y and 6.
6
Let u(c) = -15*c - 12. Let r be u(-1). What is the greatest common factor of 75 and r?
3
Let b be 3 - ((-5 - -8) + (-5 - 1)). Let w(v) = v**3 - 2*v**2 + v - 7. Let m be w(b). What is the greatest common divisor of m and 13?
13
Let g(p) = 3*p**2 - 18*p - 15. Let t be g(9). Let u = -10 + t. Calculate the highest common divisor of u and 32.
8
Let h be ((-9)/6)/((-9)/(-12)). Let g be 2 - (h + -1) - -4. What is the greatest common factor of g and 45?
9
Let d = -34 + 89. Let a(v) = 5*v**2 - 3*v - 2. Let p be a(4). Let l be 4/6*p/4. Calculate the greatest common divisor of l and d.
11
Let t be ((-114)/18 - -5)/(10/(-120)). Let s be -3 + 1 - (1 + -19). What is the greatest common divisor of t and s?
16
Suppose -154 - 2123 = -3*i + 2*m, -4*m = 0. What is the greatest common factor of 33 and i?
33
Let v(g) = g - 6. Let j be v(11). Let b = 2 + 28. Let k = b - 25. What is the greatest common divisor of j and k?
5
Let b be 1/4 - 22/(-8). Suppose 4*m - 80 = -2*j, 2*j = j - b*m + 45. Calculate the highest common divisor of j and 10.
10
Suppose 2*w + 10 - 2 = 2*g, 0 = 5*w - 4*g + 15. Suppose 17*u = 8*u + 27. Let h be w/(u + 269/(-90)). Calculate the highest common divisor of 36 and h.
18
Suppose 0 = -3*c + 3*l + 333, 5*c = c + 3*l + 441. What is the highest common factor of c and 180?
36
Let h(g) = 67*g + 9. Let k be h(-3). Let j = k - -442. What is the greatest common divisor of j and 50?
50
Let t(m) = -m**3 - 4*m**2 - 9*m - 11. Let i be t(-5). Let p = -51 + i. What is the highest common factor of 88 and p?
8
Let u(n) = 4*n**2 + 80*n + 5. Let s be u(-20). Calculate the highest common factor of s and 25.
5
Suppose 90 = -3*t - 3*v, 2*v + 120 + 45 = -5*t. Let x = -131 - -178. Let i = t + x. What is the highest common divisor of i and 12?
12
Let r = -91 - -96. Suppose 130 = r*x - 145. Calculate the greatest common factor of 5 and x.
5
Suppose 8*p - 7*j = 3*p + 5046, -3*j = 2*p - 2001. Calculate the highest common divisor of 15 and p.
15
Let f = -288 + 352. Calculate the greatest common divisor of f and 352.
32
Let r be 9 + (-5)/(10/6). Let c be (-368)/(-36) + r/(-27). Suppose 16*j = 18*j - 20. Calculate the greatest common factor of j and c.
10
Suppose 0 = 2*t + 2*j - 20 + 6, 33 = 3*t - 3*j. Suppose 26*h - 28*h = 144. Let c be 92/5 - (h/20 - -4). Calculate the highest common divisor of t and c.
9
Let u = 2 - -3. Suppose u*k - 152 = 3*d, -2*k + 96 = k - 3*d. Let r = 333 - 326. Calculate the greatest common factor of k and r.
7
Suppose -11*s - 6*s + 5984 = 0. Let j(q) = -q**3 + 9*q**2 + 13*q + 14. Let b be j(10). Calculate the greatest common divisor of s and b.
44
Let q be (16 + -11)/(-1) + 65. Calculate the highest common divisor of q and 132.
12
Let z be 3/(-2) - (-1980)/72. Calculate the greatest common factor of z and 130.
26
Let z = 697 + -658. Calculate the greatest common divisor of 767 and z.
13
Let s be 3*((-684)/(-27) - 0). Calculate the greatest common divisor of 4 and s.
4
Let m = -20 + 14. Let p be -22*((-15)/m)/(-1). What is the greatest common divisor of 5 and p?
5
Suppose 1796 = 40*i - 1004. Calculate the greatest common factor of i and 294.
14
Suppose 0 = -2*u - 3*p + 26, -4*u - 5*p + 50 = -0*p. Suppose -4*r + 31 = 5*i, -33 = -u*i + 5*i - 2*r. What is the greatest common factor of i and 56?
7
Suppose -5*b + 5*c = -573 + 113, 2*b + c - 187 = 0. What is the greatest common divisor of b and 62?
31
Suppose -d = 3*v + 3*d - 3064, 3062 = 3*v + 2*d. Suppose -4*c = 2*c - v. Calculate the highest common factor of 68 and c.
34
Let b(f) = 40*f - 49. Let p be b(11). Calculate the greatest common factor of 119 and p.
17
Suppose 0 = -5*g - 5*x - 21 + 116, 5*g - 89 = -2*x. Let z(w) = 8*w + 3. Let c be z(6). Calculate the greatest common divisor of g and c.
17
Suppose 0 = 2*s - 8. Let x be ((-45)/12)/(-5) - (-1833)/52. What is the greatest common factor of s and x?
4
Let x = -6 - -13. Suppose 12*g - 175 = x*g. What is the greatest common factor of 245 and g?
35
Let t(j) = 46*j + 1. Let g(w) = 9*w. Let y(z) = -11*g(z) + 2*t(z). Let h be y(-15). Suppose -2*l + h = -93. Calculate the greatest common factor of l and 10.
10
Let y be (1*-3)/